culate the greatest common divisor of 169 and 923.
13
What is the greatest common factor of 111 and 74?
37
Calculate the highest common factor of 276 and 2622.
138
What is the highest common factor of 13 and 1625?
13
Calculate the greatest common factor of 116 and 290.
58
What is the greatest common divisor of 200 and 40?
40
What is the highest common factor of 60 and 1500?
60
What is the greatest common factor of 2240 and 8?
8
What is the highest common divisor of 1666 and 68?
34
What is the highest common factor of 1364 and 110?
22
Calculate the greatest common divisor of 4 and 1676.
4
What is the highest common factor of 552 and 437?
23
Calculate the highest common divisor of 48 and 888.
24
What is the greatest common divisor of 675 and 200?
25
Calculate the greatest common factor of 7345 and 65.
65
Calculate the greatest common factor of 30 and 2390.
10
Calculate the greatest common factor of 2176 and 238.
34
What is the highest common factor of 20 and 255?
5
What is the highest common factor of 21 and 2961?
21
What is the highest common divisor of 108 and 1323?
27
Calculate the greatest common divisor of 15700 and 100.
100
What is the highest common divisor of 354 and 12?
6
What is the greatest common divisor of 13605 and 10?
5
What is the greatest common factor of 320 and 20?
20
Calculate the greatest common divisor of 840 and 105.
105
Calculate the highest common factor of 140 and 721.
7
What is the greatest common divisor of 11934 and 2142?
306
Calculate the highest common factor of 512 and 32.
32
What is the greatest common divisor of 30 and 78?
6
What is the greatest common factor of 780 and 60?
60
Calculate the greatest common factor of 99 and 45.
9
Calculate the greatest common divisor of 13846 and 69.
23
What is the greatest common divisor of 5425 and 465?
155
Calculate the highest common divisor of 14 and 77.
7
Calculate the greatest common divisor of 1807 and 556.
139
Calculate the greatest common divisor of 125 and 255.
5
What is the greatest common divisor of 368 and 32?
16
Calculate the highest common divisor of 753 and 1255.
251
Calculate the highest common divisor of 40 and 352.
8
What is the highest common divisor of 3 and 2944?
1
Calculate the greatest common divisor of 196 and 28.
28
Calculate the greatest common factor of 9575 and 25.
25
Calculate the greatest common divisor of 259 and 28.
7
What is the greatest common divisor of 46 and 33465?
23
Calculate the highest common factor of 62 and 7936.
62
Calculate the greatest common divisor of 4067 and 49.
49
Calculate the greatest common divisor of 117 and 27.
9
Calculate the highest common divisor of 429 and 78.
39
Calculate the highest common divisor of 28 and 52.
4
Calculate the greatest common factor of 160 and 10.
10
What is the highest common divisor of 19 and 323?
19
Calculate the highest common divisor of 285 and 741.
57
What is the highest common factor of 205 and 25?
5
Calculate the greatest common divisor of 240 and 8.
8
What is the greatest common divisor of 6916 and 104?
52
What is the greatest common divisor of 13 and 40495?
13
Calculate the greatest common divisor of 53 and 689.
53
Calculate the greatest common divisor of 884 and 136.
68
Calculate the highest common divisor of 152 and 95.
19
What is the highest common divisor of 10 and 295?
5
Calculate the highest common divisor of 101 and 909.
101
Calculate the highest common divisor of 91 and 52.
13
What is the greatest common divisor of 2840 and 20?
20
What is the greatest common factor of 82 and 82?
82
Calculate the greatest common factor of 589 and 93.
31
What is the highest common divisor of 2450 and 3150?
350
What is the greatest common factor of 42 and 105?
21
What is the highest common factor of 33 and 902?
11
Calculate the greatest common divisor of 24 and 96.
24
What is the highest common factor of 648 and 576?
72
Calculate the highest common factor of 52 and 1118.
26
Calculate the highest common divisor of 28 and 476.
28
What is the greatest common factor of 132 and 36?
12
Calculate the highest common divisor of 456 and 15352.
152
What is the greatest common factor of 77 and 49?
7
Calculate the highest common divisor of 21 and 7833.
21
Calculate the greatest common divisor of 565 and 10.
5
What is the highest common divisor of 21903 and 49?
49
Calculate the highest common divisor of 201 and 7169.
67
What is the highest common divisor of 43 and 3?
1
Calculate the highest common divisor of 12 and 3.
3
Calculate the highest common divisor of 196 and 42.
14
What is the greatest common factor of 20 and 70?
10
Calculate the highest common factor of 2200 and 8525.
275
Calculate the highest common factor of 23 and 391.
23
Calculate the greatest common factor of 126 and 238.
14
Calculate the highest common factor of 1349 and 639.
71
What is the greatest common divisor of 3474 and 54?
18
What is the highest common factor of 396 and 1836?
36
Calculate the highest common divisor of 410 and 902.
82
What is the greatest common divisor of 140 and 1970?
10
Calculate the greatest common divisor of 19 and 2.
1
Calculate the highest common divisor of 24 and 200.
8
Calculate the highest common factor of 405 and 162.
81
What is the greatest common divisor of 66 and 2442?
66
What is the greatest common divisor of 759 and 561?
33
What is the highest common divisor of 260 and 4108?
52
Calculate the greatest common factor of 16 and 44.
4
Calculate the greatest common factor of 57 and 627.
57
What is the highest common factor of 23 and 19895?
23
What is the greatest common divisor of 19 and 49?
1
What is the highest common divisor of 1079 and 13?
13
What is the greatest common factor of 60 and 1668?
12
Calculate the greatest common divisor of 1482 and 38.
38
Calculate the highest common factor of 500 and 60.
20
What is the greatest common divisor of 104 and 76?
4
What is the highest common factor of 8864 and 32?
32
Calculate the highest common factor of 230 and 5405.
115
What is the highest common factor of 12 and 402?
6
Calculate the greatest common factor of 13 and 1651.
13
Calculate the greatest common divisor of 23 and 2047.
23
What is the greatest common divisor of 75 and 2175?
75
What is the highest common divisor of 6 and 21?
3
Calculate the greatest common divisor of 826 and 472.
118
Calculate the highest common factor of 8 and 392.
8
What is the greatest common factor of 48 and 132?
12
Calculate the greatest common factor of 36 and 324.
36
What is the highest common divisor of 8 and 1516?
4
Calculate the highest common factor of 626 and 2.
2
Calculate the greatest common divisor of 6828 and 12.
12
What is the highest common factor of 183 and 3660?
183
Calculate the greatest common factor of 708 and 24.
12
Calculate the highest common divisor of 40 and 104.
8
Calculate the highest common divisor of 621 and 69.
69
What is the greatest common factor of 21 and 96?
3
Calculate the greatest common factor of 2077 and 279.
31
Calculate the greatest common factor of 600 and 24.
24
Calculate the highest common divisor of 4399 and 83.
83
Calculate the greatest common divisor of 98 and 28.
14
Calculate the greatest common divisor of 3718 and 22.
22
Calculate the greatest common divisor of 59900 and 100.
100
Calculate the highest common factor of 1920 and 9856.
128
Calculate the greatest common divisor of 3516 and 24.
12
What is the greatest common factor of 623 and 3649?
89
What is the highest common divisor of 65 and 20?
5
What is the greatest common factor of 8534 and 68?
34
Calculate the highest common divisor of 396 and 36.
36
What is the greatest common factor of 27 and 2?
1
Calculate the highest common divisor of 154 and 88.
22
Calculate the greatest common factor of 6 and 2946.
6
Calculate the greatest common factor of 234 and 52.
26
What is the highest common factor of 3068 and 91?
13
Calculate the greatest common divisor of 888 and 16.
8
Calculate the greatest common divisor of 2600 and 10075.
325
What is the greatest common divisor of 22049 and 34?
17
Calculate the highest common factor of 18 and 58.
2
Calculate the greatest common divisor of 896 and 392.
56
What is the greatest common divisor of 4266 and 9?
9
Calculate the highest common divisor of 4575 and 75.
75
What is the greatest common factor of 555 an